{"id":106,"date":"2021-04-13T22:58:08","date_gmt":"2021-04-13T20:58:08","guid":{"rendered":"http:\/\/calista.solutions\/wordpress\/?page_id=106"},"modified":"2025-08-18T20:57:15","modified_gmt":"2025-08-18T18:57:15","slug":"bienvenue-chez-calista","status":"publish","type":"page","link":"https:\/\/calista.solutions\/wordpress\/","title":{"rendered":"Bienvenue chez Calista"},"content":{"rendered":"\n<p>Calista est un prestataire sp\u00e9cialis\u00e9 dans le d\u00e9veloppement d&rsquo;<strong>applications m\u00e9tier<\/strong> <strong>sur mesure<\/strong>\u00a0pour\u00a0<strong>associations<\/strong>,<strong>\u00a0TPE<\/strong> et<strong>\u00a0PME<\/strong>.<\/p>\n\n\n\n<p><strong>Simples, \u00e9conomiques et rapidement<\/strong> mises en place, ces solutions r\u00e9pondent aux besoins qui font la particularit\u00e9 de votre organisation et auxquels les logiciels standards ne peuvent pas r\u00e9pondre.<\/p>\n\n\n\n<p>Nos solutions visent la facilit\u00e9 d&rsquo;utilisation et un&nbsp;<strong>gain imm\u00e9diat et mesurable<\/strong> pour votre association ou entreprise. Nous offrons \u00e9galement une <strong>garantie absolue de satisfaction<\/strong>.<\/p>\n","protected":false},"excerpt":{"rendered":"<p>Calista est un prestataire sp\u00e9cialis\u00e9 dans le d\u00e9veloppement d&rsquo;applications m\u00e9tier sur mesure\u00a0pour\u00a0associations,\u00a0TPE et\u00a0PME. Simples, \u00e9conomiques et rapidement mises en place, ces solutions r\u00e9pondent aux besoins qui font la particularit\u00e9 de votre organisation et auxquels les logiciels standards ne peuvent pas r\u00e9pondre. Nos solutions visent la facilit\u00e9 d&rsquo;utilisation et un&nbsp;gain imm\u00e9diat et mesurable pour votre association &hellip; <\/p>\n<p class=\"link-more\"><a href=\"https:\/\/calista.solutions\/wordpress\/\" class=\"more-link\">Continuer la lecture<span class=\"screen-reader-text\"> de &laquo;&nbsp;Bienvenue chez Calista&nbsp;&raquo;<\/span><\/a><\/p>\n","protected":false},"author":8,"featured_media":149,"parent":0,"menu_order":0,"comment_status":"closed","ping_status":"closed","template":"","meta":{"footnotes":""},"class_list":["post-106","page","type-page","status-publish","has-post-thumbnail","hentry"],"_links":{"self":[{"href":"https:\/\/calista.solutions\/wordpress\/index.php?rest_route=\/wp\/v2\/pages\/106","targetHints":{"allow":["GET"]}}],"collection":[{"href":"https:\/\/calista.solutions\/wordpress\/index.php?rest_route=\/wp\/v2\/pages"}],"about":[{"href":"https:\/\/calista.solutions\/wordpress\/index.php?rest_route=\/wp\/v2\/types\/page"}],"author":[{"embeddable":true,"href":"https:\/\/calista.solutions\/wordpress\/index.php?rest_route=\/wp\/v2\/users\/8"}],"replies":[{"embeddable":true,"href":"https:\/\/calista.solutions\/wordpress\/index.php?rest_route=%2Fwp%2Fv2%2Fcomments&post=106"}],"version-history":[{"count":3,"href":"https:\/\/calista.solutions\/wordpress\/index.php?rest_route=\/wp\/v2\/pages\/106\/revisions"}],"predecessor-version":[{"id":195,"href":"https:\/\/calista.solutions\/wordpress\/index.php?rest_route=\/wp\/v2\/pages\/106\/revisions\/195"}],"wp:featuredmedia":[{"embeddable":true,"href":"https:\/\/calista.solutions\/wordpress\/index.php?rest_route=\/wp\/v2\/media\/149"}],"wp:attachment":[{"href":"https:\/\/calista.solutions\/wordpress\/index.php?rest_route=%2Fwp%2Fv2%2Fmedia&parent=106"}],"curies":[{"name":"wp","href":"https:\/\/api.w.org\/{rel}","templated":true}]}}